e prime factors of 157492?
2, 39373
List the prime factors of 582706.
2, 47, 6199
List the prime factors of 861996.
2, 3, 29, 2477
List the prime factors of 1477812.
2, 3, 7, 73, 241
List the prime factors of 387263.
387263
List the prime factors of 79617.
3, 26539
What are the prime factors of 5495904?
2, 3, 6361
List the prime factors of 156085.
5, 19, 31, 53
List the prime factors of 1600753.
7, 11, 20789
What are the prime factors of 313543?
313543
What are the prime factors of 255772?
2, 11, 5813
What are the prime factors of 198865?
5, 31, 1283
What are the prime factors of 7376790?
2, 3, 5, 23, 10691
What are the prime factors of 25049299?
11, 241, 859
List the prime factors of 3723361.
149, 24989
What are the prime factors of 34226?
2, 109, 157
List the prime factors of 5103008.
2, 159469
List the prime factors of 2538265.
5, 373, 1361
What are the prime factors of 7539143?
17, 19, 1373
What are the prime factors of 515310?
2, 3, 5, 89, 193
List the prime factors of 46949.
7, 19, 353
What are the prime factors of 1146084?
2, 3, 95507
What are the prime factors of 1138011?
3, 7, 47, 1153
List the prime factors of 2584765.
5, 17, 47, 647
What are the prime factors of 833916?
2, 3, 69493
List the prime factors of 3588150.
2, 3, 5, 19, 1259
What are the prime factors of 132227?
23, 5749
List the prime factors of 311167.
23, 83, 163
List the prime factors of 309866.
2, 154933
List the prime factors of 19213432.
2, 7, 43, 79, 101
What are the prime factors of 1791485?
5, 358297
List the prime factors of 231994.
2, 7, 73, 227
What are the prime factors of 54003?
3, 47, 383
What are the prime factors of 8550840?
2, 3, 5, 71257
List the prime factors of 3280160.
2, 5, 13, 19, 83
What are the prime factors of 197928?
2, 3, 2749
What are the prime factors of 458153?
431, 1063
List the prime factors of 666277.
666277
List the prime factors of 19948991.
19948991
What are the prime factors of 2848285?
5, 11, 51787
List the prime factors of 2300570.
2, 5, 29, 7933
List the prime factors of 906071.
101, 8971
What are the prime factors of 1185919?
7, 191, 887
List the prime factors of 8411159.
421, 19979
List the prime factors of 331240.
2, 5, 7, 13
List the prime factors of 21114066.
2, 3, 197, 17863
What are the prime factors of 24406557?
3, 7, 166031
What are the prime factors of 356678?
2, 7, 73, 349
What are the prime factors of 2797735?
5, 559547
What are the prime factors of 547609?
547609
List the prime factors of 11970400.
2, 5, 13, 1151
List the prime factors of 1626291.
3, 29, 31, 67
What are the prime factors of 11040?
2, 3, 5, 23
What are the prime factors of 6721938?
2, 3, 37, 10093
What are the prime factors of 13724108?
2, 59, 58153
List the prime factors of 4173021.
3, 41, 43, 263
What are the prime factors of 954013?
29, 67, 491
What are the prime factors of 456344?
2, 7, 29, 281
What are the prime factors of 4877039?
787, 6197
What are the prime factors of 817649?
7, 17, 6871
What are the prime factors of 1143553?
19, 139, 433
List the prime factors of 1556794.
2, 778397
What are the prime factors of 1679155?
5, 41, 8191
What are the prime factors of 3916322?
2, 47, 61, 683
List the prime factors of 184581.
3, 20509
List the prime factors of 378423.
3, 19, 2213
List the prime factors of 2872747.
41, 70067
List the prime factors of 5858.
2, 29, 101
What are the prime factors of 2395483?
211, 11353
List the prime factors of 340440.
2, 3, 5, 2837
What are the prime factors of 195967?
195967
List the prime factors of 13761776.
2, 7, 19, 29, 223
What are the prime factors of 866819?
866819
List the prime factors of 600934.
2, 113, 2659
List the prime factors of 7592445.
3, 5, 7, 24103
What are the prime factors of 769458?
2, 3, 257, 499
What are the prime factors of 22283274?
2, 3, 13, 23, 12421
What are the prime factors of 4914323?
227, 21649
List the prime factors of 2320149.
3, 13, 41, 1451
What are the prime factors of 31542049?
7, 11, 53, 59, 131
List the prime factors of 78638.
2, 7, 41, 137
What are the prime factors of 5826070?
2, 5, 17, 43, 797
List the prime factors of 29448171.
3, 31, 151, 233
List the prime factors of 105609.
3, 7, 47, 107
List the prime factors of 19739585.
5, 53, 74489
List the prime factors of 315025.
5, 12601
What are the prime factors of 15864719?
13, 1220363
What are the prime factors of 163566?
2, 3, 13, 233
What are the prime factors of 15755212?
2, 11, 358073
List the prime factors of 643224.
2, 3, 26801
What are the prime factors of 258441?
3, 277, 311
What are the prime factors of 1510417?
1510417
List the prime factors of 5517841.
7, 16087
What are the prime factors of 9040757?
11, 74717
List the prime factors of 758977.
23, 32999
List the prime factors of 5683111.
7, 499, 1627
What are the prime factors of 187131?
3, 7, 19, 67
List the prime factors of 3454585.
5, 379, 1823
What are the prime factors of 177715?
5, 35543
List the prime factors of 821766.
2, 3, 11, 12451
List the prime factors of 1009605.
3, 5, 67307
What are the prime factors of 2330104?
2, 7, 41609
List the prime factors of 799880.
2, 5, 19997
What are the prime factors of 2868102?
2, 3, 53113
What are the prime factors of 324589?
324589
List the prime factors of 101737.
101737
What are the prime factors of 20109?
3, 6703
List the prime factors of 12538662.
2, 3, 233, 8969
List the prime factors of 495175.
5, 29, 683
List the prime factors of 6571761.
3, 7, 312941
List the prime factors of 24630.
2, 3, 5, 821
List the prime factors of 4092545.
5, 818509
What are the prime factors of 8986887?
3, 7, 13, 10973
What are the prime factors of 1998600?
2, 3, 5, 3331
What are the prime factors of 12699363?
3, 4233121
List the prime factors of 8738891.
7, 1248413
What are the prime factors of 629059?
629059
List the prime factors of 2703492.
2, 3, 11, 6827
List the prime factors of 2335017.
3, 67, 11617
What are the prime factors of 404985?
3, 5, 7, 19, 29
List the prime factors of 4661598.
2, 3, 347, 2239
List the prime factors of 1182245.
5, 236449
What are the prime factors of 484068?
2, 3, 13, 29, 107
What are the prime factors of 33535?
5, 19, 353
List the prime factors of 615868.
2, 11, 13997
What are the prime factors of 1410885?
3, 5, 7, 1493
What are the prime factors of 315993?
3, 105331
What are the prime factors of 844329?
3, 431, 653
What are the prime factors of 502070?
2, 5, 50207
What are the prime factors of 1606605?
3, 5, 7, 11, 13, 107
List the prime factors of 302425.
5, 12097
What are the prime factors of 212517?
3, 17, 463
List the prime factors of 10233754.
2, 89, 57493
List the prime factors of 672738.
2, 3, 11, 10193
What are the prime factors of 221029?
83, 2663
List the prime factors of 7407418.
2, 83, 44623
What are the prime factors of 228825?
3, 5, 113
List the prime factors of 2390713.
13, 19, 9679
What are the prime factors of 4281019?
4281019
List the prime factors of 223328.
2, 7, 997
What are the prime factors of 420002?
2, 11, 17, 1123
List the prime factors of 1249342.
2, 37, 16883
List the prime factors of 166933.
13, 12841
List the prime factors of 1740955.
5, 348191
What are the prime factors of 2297747?
2297747
What are the prime factors of 27161200?
2, 5, 11, 6173
What are the prime factors of 121439?
121439
List the prime factors of 6227792.
2, 103, 3779
What are the prime factors of 240572?
2, 137, 439
What are the prime factors of 151885?
5, 37, 821
List the prime factors of 137146.
2, 47, 1459
What are the prime factors of 433265?
5, 7, 12379
What are the prime factors of 843057?
3, 283, 331
What are the prime factors of 6280297?
6280297
What are the prime factors of 3093985?
5, 149, 4153
What are the prime factors of 245754?
2, 3, 37, 41
What are the prime factors of 2158116?
2, 3, 17, 71, 149
List the prime factors of 1995314.
2, 151, 6607
List the prime factors of 9644930.
2, 5, 89, 10837
List the prime factors of 386326.
2, 193163
What are the prime factors of 5131358?
2, 2565679
What are the prime factors of 4245?
3, 5, 283
What are the prime factors of 216622?
2, 7, 15473
List the prime factors of 305615.
5, 19, 3217
What are the prime factors of 618245?
5, 53, 2333
List the prime factors of 982515.
3, 5, 17, 3853
List the prime factors of 353125.
5, 113
List the prime factors of 11